ppose -y + 3*u + 13 = -3, -4*y = -u - p. What is the remainder when y is divided by 5?
4
What is the remainder when ((-27)/(-6))/(-9)*-32 is divided by 4?
0
Let c = 78 - 57. Calculate the remainder when 167 is divided by c.
20
Let k be (-2)/(-6) - 22/(-6). Suppose 3*z = k*l + 5, -z + 19 = 4*z + 4*l. What is the remainder when (-147)/(-5) - z/(-5) is divided by 11?
8
What is the remainder when 158/(-6)*(-1 - (-2 + 4)) is divided by 42?
37
Let z(q) = -q**2 - 9*q - 12. Let u be z(-8). Let t = u - 10. What is the remainder when t*((-4)/2 + 1) is divided by 8?
6
Let z be (6 + -1)*(-10)/(-25). Suppose z*y - 1 = 3. Calculate the remainder when 14 is divided by 2/(7/(-4) + y).
6
Let x(k) = k**2 + 4*k - 8. What is the remainder when 9 is divided by x(-6)?
1
Suppose 0 = -5*s - 3*q + 50, -2*s + 5*q - 2 = 9. Calculate the remainder when 58 is divided by s.
2
Suppose 0 = -13*m + 7*m + 120. Calculate the remainder when 36 is divided by m.
16
Suppose 4*a = 7*a - 18. What is the remainder when a is divided by 4?
2
Let i be 0*-2*2/(-12). Suppose i = -2*z + 34 + 80. Calculate the remainder when z is divided by 15.
12
Let m(d) = -d**2 + 19*d. What is the remainder when m(12) is divided by 29?
26
Let j = -6 - 0. Calculate the remainder when j/(-9)*-3 - -34 is divided by 11.
10
Suppose j + 10 + 24 = 0. Let k = j + 47. Calculate the remainder when k is divided by 7.
6
Let i(v) = 118*v**3 + v**2 - 1. What is the remainder when i(1) is divided by 17?
16
Let h be (-32)/(-6) + (-6)/(-9). Suppose -c + 5*c - 28 = 0. Let w = c - h. What is the remainder when 3 is divided by w?
0
Let c(s) = s**3 - 2*s**2 - 2*s - 1. What is the remainder when 42 is divided by c(4)?
19
Suppose 2*w = -4 + 12. Calculate the remainder when 6 is divided by w.
2
Let c = 8 + -3. Let n(b) = 5*b + 9. Calculate the remainder when n(0) is divided by c.
4
Let i(g) = 3*g**2 + g - 4. Calculate the remainder when 36 is divided by i(-3).
16
Suppose x - 11 = 7. Calculate the remainder when 53 is divided by x.
17
Let y(z) = 3*z - 2. Let q be -6 - -8 - (1 + -3). Let r be y(q). Suppose r - 52 = -3*f. What is the remainder when 40 is divided by f?
12
Let x(d) = d**2 + 9*d + 8. Let y be x(-8). Suppose 3*k + 6 = -y*k. What is the remainder when ((-122)/(2 + -1))/k is divided by 21?
19
Calculate the remainder when 2/(-11) - (-272)/44 is divided by 3.
0
Let v(k) = k**2 + 4. Suppose -4*i + 3*j - 17 + 76 = 0, 3*i - 5*j = 58. What is the remainder when v(4) is divided by i?
9
Suppose 3*x + 0*x - 12 = -r, 2*r - 14 = 4*x. Let p = 16 - r. Calculate the remainder when 19 is divided by p.
5
Let l(c) = c**2 - 13*c + 2. Let u be l(11). Calculate the remainder when 5/u - (-269)/4 is divided by 17.
16
What is the remainder when 74 - 3/(-2 + -1) is divided by 26?
23
Suppose q = -4*i - 277 + 908, -i = 2*q - 149. What is the remainder when i is divided by 20?
19
Suppose -3*v = 7*d - 3*d - 67, 4 = 4*v. Calculate the remainder when d is divided by 9.
7
Let w = 7 - -4. Suppose w + 24 = h. Let r = 24 + -12. Calculate the remainder when h is divided by r.
11
Let k(y) = 2*y**2 + 2*y + 2. Let v be k(-2). Let g = v + 0. Let q = 43 - g. What is the remainder when q is divided by 13?
11
Suppose -3*z - 159 = -x, 0 = 2*x + 4*z + z - 362. What is the remainder when x is divided by 43?
42
Let m be (-588)/(-30) - 4/(-10). Calculate the remainder when 37 is divided by m/3*(-3)/(-2).
7
Suppose 3*q - 2*b - 36 = 0, -4*b = -2*q - 5*b + 24. Suppose 4*c + p + 0*p - 183 = 0, -3*c = -3*p - 126. Calculate the remainder when c is divided by q.
9
Suppose 0*b - 30 = -5*b. Let m(s) = s - 4. Let k be m(b). Suppose -k*g + 24 = g. Calculate the remainder when g is divided by 3.
2
Let z = -96 - -136. Let a = z + 62. What is the remainder when a is divided by 26?
24
Let r be (5/(-3))/(2/(-6)). Let m(z) = -z**2 + 9*z + 1. Calculate the remainder when 40 + -3*2/(-6) is divided by m(r).
20
Let r be 3/4*56/21. Let s = 11 - r. Calculate the remainder when 16 is divided by s.
7
Suppose 5*r = -8 - 72. Suppose 5*l = 9*l + 4. Calculate the remainder when l*4*r/8 is divided by 5.
3
Suppose 7*y - 15 = 2*y. Let h(s) = s**3 + 5*s**2 + 2*s + 3. Let x be h(-4). Suppose -x - 10 = -y*c. What is the remainder when 13 is divided by c?
6
Suppose -3*o = -o - 50. What is the remainder when o is divided by 9?
7
Let i(v) = v**3 + 2*v + 1. Let l be 21/28 + (-21)/(-4). Let x = 1 + l. What is the remainder when i(2) is divided by x?
6
Suppose 4 = -4*u + 12. Suppose 0*v = w + 5*v - 58, 0 = u*w - v - 61. Calculate the remainder when w is divided by 17.
16
Suppose -18 = -4*u - 2*v, -u - 3*u = v - 17. Suppose u*r - 32 = -4*t, -r = -4*t + 1 + 51. Calculate the remainder when 354/10 + (-6)/15 is divided by t.
11
Let p(g) = -g + 2. Let v = -1 - -3. Suppose 17 = -3*f + r, 4*f - v*f - r = -11. Calculate the remainder when 30 is divided by p(f).
6
Let j = -7 - -10. Let t(b) = -b**3 + 4*b**2 + b - 1. What is the remainder when 43 is divided by t(j)?
10
Let j(b) = 1 - 3*b - 7 + 3. Calculate the remainder when 78/4*(-4)/(-3) is divided by j(-4).
8
What is the remainder when 1/3 + (-100)/(-15) is divided by 5?
2
Suppose 4*t + 2*w + 0*w - 72 = 0, 4*w - 16 = 0. Suppose 0*u - 3*u = l - t, -2*u + 4*l + 34 = 0. What is the remainder when 12 is divided by u?
5
Suppose -4*c = -3*c - 5. What is the remainder when (-89)/(-7) - 4/(-14) is divided by c?
3
Let o be (14/4)/((-3)/78). Let d = o - -132. What is the remainder when d is divided by 22?
19
Suppose 2*r = 4*r - 20. Suppose 2*a + 5*d - 80 = 0, a - 4 = 4*d + r. Suppose 0 = -455*f + 446*f + 72. What is the remainder when a is divided by f?
6
Let b(p) = -30*p - 35*p + 1 + 10*p + 0. Calculate the remainder when b(-1) is divided by 19.
18
Let c(u) = u - 1. Let l be c(5). Suppose l*x - 25 = -x. What is the remainder when 9 is divided by x?
4
Let x(p) = 2*p**2 + 7*p + 12. Let d(y) = -y**2 - 3*y - 6. Let a(w) = 5*d(w) + 3*x(w). What is the remainder when 11 is divided by a(-6)?
5
Suppose 0 = -5*m + 6 - 16. What is the remainder when 42 - (m + 2 + -3) is divided by 12?
9
Let z(w) = -w**2 - 11*w - 1. Suppose -2*u = 4*q + 32, -4*q + u = q + 40. Calculate the remainder when z(q) is divided by 8.
7
Suppose 3*x + 4*f - 37 = 0, -x - 4*f - 53 = -4*x. Calculate the remainder when 25 is divided by x.
10
Suppose 6*r - 8*r = 3*s - 39, -12 = -4*r. Suppose 4*z = s + 13. Calculate the remainder when 11 is divided by z.
5
Let x(u) = u + 2. Suppose -5 = -3*c - 2*c. Let b be c - (3 - (0 - -2)). Calculate the remainder when 2 is divided by x(b).
0
What is the remainder when 5 - (3 + 8/(-2)) is divided by 4?
2
Suppose -210 = -2*b - 3*b. Let i = -28 + b. Calculate the remainder when 1*i - 8/4 is divided by 7.
5
Let w(b) = b**3 + b**2 + b - 2. Let o be w(2). Suppose -22 = -q - u, 0 = -2*q + 4*u + o + 2. Calculate the remainder when 33 is divided by q.
16
Let r(d) = d**3 - 9*d**2 - 11*d + 12. What is the remainder when 2 is divided by r(10)?
0
Let z(a) = a**2 + 5*a + 14. Calculate the remainder when z(-6) is divided by 8.
4
Let s(v) = 10*v**2 - v + 1. Let o be (6 - 8)*(-10)/4. Suppose -o*y + 4 = -1. Calculate the remainder when 19 is divided by s(y).
9
Let k = -73 + 85. Calculate the remainder when 21 is divided by k.
9
Suppose 61 = 3*b - f, -4*b - f = -b - 53. What is the remainder when b is divided by 7?
5
Let b(s) = 2*s**3 - 9*s**2 + 9*s - 4. Calculate the remainder when 44 is divided by b(4).
12
Let a = 102 + -90. Calculate the remainder when 38 is divided by a.
2
Suppose 8 = -6*r + 7*r. Calculate the remainder when r is divided by 4.
0
Suppose i + 5 = j, 4*j - 5*i - 13 = 5. Calculate the remainder when 8 is divided by j.
1
Calculate the remainder when 31*(9/4 + 2/(-8)) is divided by 16.
14
Suppose 1 = 5*l - 4. Let r be (l/(-3))/((-5)/135). Calculate the remainder when 28 is divided by r - -1*(2 + -1).
8
Suppose -2*c + 4 = -2. Suppose -5*w = 3*s - 105, c*s = -9 - 6. What is the remainder when 64 is divided by w/1 + 0 + -2?
20
Suppose 8 = 3*h - h - 5*n, -4*n = 4*h - 16. Let o = 4 - 2. Calculate the remainder when h is divided by o.
0
Suppose -t + z + 17 = 0, 16 = 2*t + 2*z - 2. Suppose 0 = -7*c + 2*c + 255. What is the remainder when c is divided by t?
12
Suppose 0*p - 10 = -5*p. Let m be (-13)/(-4) - p/8. Calculate the remainder when 32 is divided by ((-33)/9)/((-1)/m).
10
Calcul